-4*l - 1. Calculate u(-5).
19
Let r(p) = -p**2 + 23*p - 101. Calculate r(11).
31
Let f(l) = l - 44. Give f(0).
-44
Let f(y) = -3*y**3 + 3*y**2 - 2*y - 3. What is f(2)?
-19
Let x(m) = -m**3 + 2*m**2 + 10. Calculate x(4).
-22
Let q(g) = -g**2 + 13*g + 23. Give q(15).
-7
Let d(u) = u**3 - 16*u**2 - u - 18. Give d(16).
-34
Let i(j) = -j**2 - 7*j - 6. Give i(-5).
4
Let d(y) = 3*y - 6. Determine d(-8).
-30
Let m(k) = -k**3 + 25*k**2 + 50*k + 46. Determine m(27).
-62
Let v(w) = w**3 + 40*w**2 + 45*w + 239. Determine v(-39).
5
Let o(p) = -2*p**2 - 7*p - 9. Determine o(-5).
-24
Let l(n) = n**3 - 12*n**2 + 16*n - 23. Calculate l(10).
-63
Let a(w) = 7*w - 210. Determine a(28).
-14
Let z(d) = -d**3 - 5*d**2 + 8*d + 10. Determine z(-7).
52
Let t(x) = -x**3 + 5*x**2 - 4*x - 1. What is t(2)?
3
Let v(b) = -b - 12. Calculate v(-7).
-5
Let y(b) = -b**2 + 11*b - 15. What is y(5)?
15
Let l(k) = 3*k**2 + 9*k - 3. Give l(-2).
-9
Let t(x) = x**2 - 7*x - 11. Calculate t(8).
-3
Let r(w) = 49*w - 185. Give r(4).
11
Let b(s) = 4*s**2 - 11*s - 5. Give b(4).
15
Let t(v) = v**2 - 20*v + 96. Determine t(11).
-3
Let x(d) = d**3 + 10*d**2 - 19*d + 13. Calculate x(-11).
101
Let d(i) = i**2 + 28*i + 152. Calculate d(-15).
-43
Let k(y) = -y**2 - 4. What is k(-2)?
-8
Let z(a) = a**2 - 13*a + 12. What is z(13)?
12
Let n(l) = -l**3 - 9*l**2 - 4*l - 9. Calculate n(-8).
-41
Let u(q) = 5*q - 69. What is u(12)?
-9
Let t(j) = 2*j - 22. Calculate t(-9).
-40
Let h(o) = 5*o**3 - 3*o**2 - 3*o - 2. Calculate h(-2).
-48
Let a(q) = -q**3 + 4*q**2 + 12*q - 10. Calculate a(5).
25
Let q(k) = 8*k**2 + 7*k + 21. Give q(-3).
72
Let o(k) = -3*k**2 - 2*k + 2. What is o(-3)?
-19
Let l(o) = -o**3 - 4*o**2 - 6*o + 3. Determine l(-5).
58
Let p(m) = -m**2 + 7*m - 15. Determine p(6).
-9
Let m(b) = -12*b**2 + 3*b - 2. What is m(2)?
-44
Let s(n) = 16*n**2 - 4*n - 12. Give s(-3).
144
Let x(d) = -d**3 - 2*d**2 - 2*d - 9. What is x(-3)?
6
Let s(p) = p**2 - 6. Give s(7).
43
Let a(c) = 4*c**2 - 67*c + 42. Calculate a(16).
-6
Let g(s) = s**2 - 3*s. Determine g(2).
-2
Let z(n) = 3*n**2 + 49*n + 121. What is z(-13)?
-9
Let t(s) = -s**3 - 3*s**2 + 5*s + 3. Calculate t(-4).
-1
Let f(o) = o**3 + 9*o**2 - 4*o - 30. Give f(-9).
6
Let m(n) = 2*n**2 - 14*n - 11. Give m(7).
-11
Let j(m) = -m**2 - 32*m + 62. What is j(-34)?
-6
Let s(y) = y**3 - 15*y**2 + 17*y - 41. Give s(14).
1
Let m(f) = f**2 - 10*f - 4. Calculate m(8).
-20
Let d(l) = l + 2. Determine d(-3).
-1
Let z(v) = -v**2 - 2. Give z(-1).
-3
Let h(k) = k**2 + k - 6. Calculate h(-6).
24
Let n(z) = z**2 + 6*z + 3. What is n(-2)?
-5
Let h(x) = -20*x + 72. Calculate h(6).
-48
Let u(c) = -c**2 - c - 2. Give u(-5).
-22
Let v(d) = d**2 - 8*d - 11. Determine v(9).
-2
Let l(j) = j + 11. What is l(-17)?
-6
Let x(f) = f**3 + 14*f**2 - 34*f - 37. Determine x(-16).
-5
Let m(x) = x**2 + 16*x + 20. Calculate m(-14).
-8
Let b(l) = 3*l**2 - 59*l + 17. Give b(20).
37
Let h(j) = -12*j + 92. What is h(11)?
-40
Let o(b) = -56*b - 386. Give o(-7).
6
Let o(s) = -s**2 + 20*s - 50. Determine o(17).
1
Let q(x) = x**3 + 9*x**2 + 3*x - 7. What is q(-4)?
61
Let l(v) = v**3 - 13*v**2 + 14*v. Give l(12).
24
Let n(b) = 8*b + 163. Give n(-21).
-5
Let c(b) = 2*b + 32. Give c(-11).
10
Let m(r) = r**3 - 2*r**2 + 2*r - 7. What is m(2)?
-3
Let p(n) = -n**3 - 9*n**2 - 25. Calculate p(-8).
-89
Let u(n) = -n**2 + 42*n - 183. Calculate u(37).
2
Let z(i) = i**3 + i**2 - 2*i + 11. What is z(0)?
11
Let h(k) = k + 38. Determine h(-15).
23
Let p(y) = y**3 + 4*y**2 + 4*y + 41. Determine p(-5).
-4
Let z(m) = -m**3 + 4*m**2 - 2*m - 2. Determine z(4).
-10
Let f(u) = -2*u**2 + 4*u - 1. Calculate f(-3).
-31
Let q(s) = 14*s + 22. What is q(7)?
120
Let v(z) = z**3 - 2*z**2 - 5*z. Determine v(4).
12
Let u(k) = k**2 - 6*k + 8. Determine u(6).
8
Let o(v) = -44*v + 492. Determine o(11).
8
Let k(l) = -l**2 - 20*l - 30. What is k(-18)?
6
Let o(g) = -8*g**2 + 80*g - 12. Calculate o(11).
-100
Let x(u) = -4*u - 20. What is x(-8)?
12
Let p(s) = -s**3 - 18*s**2 + 30*s - 29. What is p(-20)?
171
Let w(s) = -54*s**2 + 2*s - 1. Determine w(1).
-53
Let h(s) = 236*s - 1186. Give h(5).
-6
Let o(z) = -12*z + 173. Give o(14).
5
Let k(q) = -q**3 - 36*q**2 + 8. Calculate k(-36).
8
Let j(m) = -m**3 - 11*m**2 - 16*m + 24. What is j(-8)?
-40
Let h(s) = -2*s**2 - 60*s + 280. Calculate h(-34).
8
Let j(k) = 3*k - 2. Give j(4).
10
Let x(t) = -72*t**3 - t**2 + 3*t - 1. Determine x(1).
-71
Let o(i) = 4*i - 8. Give o(-7).
-36
Let w(r) = 32*r**3 - 2*r**2 + 1. Give w(1).
31
Let i(y) = y**2 - 37*y + 70. Determine i(35).
0
Let v(k) = -15*k**2 - 2*k + 2. Determine v(1).
-15
Let z(n) = n**3 - 14*n**2 - 20*n + 80. Give z(15).
5
Let r(g) = -g - 58. What is r(-20)?
-38
Let o(z) = 2*z. What is o(-6)?
-12
Let s(t) = -10*t + 72. What is s(10)?
-28
Let o(p) = p**2 - 7*p + 10. Give o(-6).
88
Let c(h) = 3*h + 9. Calculate c(7).
30
Let l(d) = -d**3 + d - 29. Determine l(0).
-29
Let f(b) = -b**2 + b + 5. Give f(4).
-7
Let r(s) = -s**3 + 4*s**2 + 14*s - 1. Determine r(6).
11
Let s(a) = 30*a + 78. Determine s(-2).
18
Let w(d) = -d**3 + 16*d**2 - 16*d + 13. Determine w(15).
-2
Let i(l) = l**3 - 13*l**2 + 41*l - 10. What is i(8)?
-2
Let v(m) = m**2 - 6*m - 59. What is v(8)?
-43
Let b(h) = h**2 - 13*h + 12. Give b(11).
-10
Let g(l) = -l**3 + 7*l**2 - 5*l + 12. Determine g(7).
-23
Let u(n) = -2*n + 53. Calculate u(23).
7
Let g(t) = t - 1. What is g(3)?
2
Let l(b) = b**3 - 11*b**2 + 8*b - 10. Determine l(10).
-30
Let m(w) = -5*w - 20. Calculate m(3).
-35
Let r(k) = -k**3 + 47. Calculate r(0).
47
Let n(c) = -3*c**2 - 5*c + 39. Determine n(-4).
11
Let x(m) = -2*m**3 - 19*m**2 - 5*m + 18. Determine x(-9).
-18
Let z(l) = l**3 + l**2 - 11*l + 16. Calculate z(3).
19
Let k(x) = 12*x**3 - x**2 - 2*x. Give k(-1).
-11
Let d(m) = -m**3 + 13*m**2 + 15*m - 18. What is d(14)?
-4
Let k(a) = a**3 - 8*a**2 + 3*a + 14. Give k(7).
-14
Let l(y) = y**3 + 10*y**2 + 27*y + 9. What is l(-8)?
-79
Let t(r) = -r**2 + 7*r + 8. Give t(-5).
-52
Let b(t) = t**2 - 12*t + 13. What is b(11)?
2
Let l(p) = -12*p + 52. Calculate l(4).
4
Let s(i) = -i**3 + 2*i**2 - 2*i. Calculate s(3).
-15
Let l(b) = b**3 + 3*b**2 + b - 2. Determine l(-2).
0
Let t(f) = f**3 + 19*f**2 + 8. Determine t(-19).
8
Let f(x) = -x - 18. Give f(-6).
-12
Let a(t) = t**2 + 12*t + 30. Give a(-6).
-6
Let f(o) = 23*o - 112. Calculate f(6).
26
Let l(y) = -y**2 - 44*y + 353. Give l(-51).
-4
Let t(o) = o + 5. Calculate t(-4).
1
Let d(n) = 2*n**3 - 2*n**2. What is d(-2)?
-24
Let w(j) = j**3 + 5*j**2 + 2*j + 4. Determine w(-5).
-6
Let p(u) = -u**3 + 6*u**2 - u - 30. What is p(5)?
-10
Let r(l) = -l**3 - 6*l**2 - 6*l - 23. Calculate r(-5).
-18
Let n(z) = 7*z + 13. Calculate n(12).
97
Let h(a) = -4*a**2 + 3*a + 4. Calculate h(-3).
-41
Let o(d) = d**2 + 4*d - 7. Calculate o(-3).
-10
Let b(j) = j**3 - 2*j**2 - 9*j - 8. Give b(-1).
-2
Let s(w) = -2*w**3 - 66*w**2 - 62*w + 63. Give s(-32).
-1
Let r(l) = -l - 6. Calculate r(-11).
5
Let t(m) = m**2 + 10*m - 3. Give t(-9).
-12
Let s(w) = w**2 - 39*w + 12. Give s(39).
12
Let t(b) = 2*b**2 + 5*b - 24. Determine t(5).
51
Let v(j) = -2*j**2 - 2*j + 2. Calculate v(5).
-58
Let t(g) = -g + 2. Give t(-2).
4
Let t(d) = d**3 - 7*d**2 + 7*d - 7. What is t(6)?
-1
Let d(i) = -2*i**2 - 18*i + 24. What is d(-10)?
4
Let b(a) = 18*a + 36. Determine b(-8).
-108
Let l(v) = v**3 - 12*v**2 - 9*v - 18. Calculate l(13).
34
Let a(k) = -k**2 + 10*k + 25. Calculate a(-4).
-31
Let n(k) = -k**3 + k + 13. Determine n(0).
13
Let u(b) = b**2 - 17*b + 15. What is u(16)?
-1
Let j(m) = m**3 - 11*m**2 + 31*m. Give j(6).
6
Let t(r) = r**3 + 3*r**2 - 7*r + 3. Give t(-4).
15
Let n(k) = 21*k**3 - k**2 + 2. Calculate n(1).
22
Let y(g) = -g**3 - 2*g**2 + 2*g - 2. Give y(2).
-14
Let a(g) = -3*g + 27. Calculate a(11).
-6
Let y(n) = -2*n - 4. Give y(-4).
4
Let m(o) = o**2 - 5*o - 6. Calculate m(-2).
8
Let n(i) = -i**2 + 25*i - 18. Calculate n(12).
138
Let i(b) = b**3 + 13*b**2 + 17*b + 67. Give i(-12).
7
Let i(d) = 8*d - 98. Determine i(12).
-2
Let s(i) = i**3 + 10*i**2 - 14*i - 30. Calculate s(-11).
3
Let o(m) = -m**3 + 14*m**2 + 14*m + 7. Give o(15).
-8
Let j(p) = p**2 - 10*p + 28. Determine j(8).
12
Let s(w) = w**3 + 13*w**2 + 11*w - 6. Give s(-11).
115
Let k(y) = 2*y**2 + 5*y + 3. Calculate k(-4).
15
Let b(f) = 13*f - 6. Give b(1).
7
Let l(f) =